3, 991
List the prime factors of 10208.
2, 11, 29
What are the prime factors of 1323?
3, 7
What are the prime factors of 60407?
29, 2083
What are the prime factors of 6524?
2, 7, 233
List the prime factors of 30831.
3, 43, 239
What are the prime factors of 1510?
2, 5, 151
List the prime factors of 23558.
2, 11779
List the prime factors of 12361.
47, 263
What are the prime factors of 8178?
2, 3, 29, 47
What are the prime factors of 8175?
3, 5, 109
List the prime factors of 2253.
3, 751
List the prime factors of 3732.
2, 3, 311
List the prime factors of 5802.
2, 3, 967
What are the prime factors of 905?
5, 181
List the prime factors of 17802.
2, 3, 23, 43
What are the prime factors of 1133?
11, 103
What are the prime factors of 1610?
2, 5, 7, 23
List the prime factors of 1483.
1483
What are the prime factors of 20509?
20509
What are the prime factors of 18331?
23, 797
What are the prime factors of 52123?
47, 1109
What are the prime factors of 1215?
3, 5
What are the prime factors of 123398?
2, 11, 71, 79
What are the prime factors of 23863?
7, 487
List the prime factors of 637.
7, 13
List the prime factors of 27843.
3, 9281
What are the prime factors of 9581?
11, 13, 67
What are the prime factors of 64436?
2, 89, 181
List the prime factors of 7531.
17, 443
List the prime factors of 2266.
2, 11, 103
What are the prime factors of 757?
757
List the prime factors of 106002.
2, 3, 13, 151
List the prime factors of 2306.
2, 1153
List the prime factors of 16138.
2, 8069
What are the prime factors of 31232?
2, 61
List the prime factors of 1545.
3, 5, 103
List the prime factors of 53258.
2, 31, 859
What are the prime factors of 14?
2, 7
List the prime factors of 4348.
2, 1087
List the prime factors of 1208.
2, 151
List the prime factors of 694.
2, 347
List the prime factors of 1105.
5, 13, 17
What are the prime factors of 195?
3, 5, 13
List the prime factors of 1866.
2, 3, 311
What are the prime factors of 1627?
1627
List the prime factors of 2380.
2, 5, 7, 17
What are the prime factors of 27505?
5, 5501
What are the prime factors of 5208?
2, 3, 7, 31
List the prime factors of 23979.
3, 7993
List the prime factors of 6858.
2, 3, 127
List the prime factors of 103200.
2, 3, 5, 43
List the prime factors of 709.
709
List the prime factors of 1225.
5, 7
List the prime factors of 1429.
1429
List the prime factors of 1126.
2, 563
What are the prime factors of 25260?
2, 3, 5, 421
List the prime factors of 178.
2, 89
List the prime factors of 1544.
2, 193
What are the prime factors of 15961?
11, 1451
What are the prime factors of 3624?
2, 3, 151
What are the prime factors of 529?
23
What are the prime factors of 7278?
2, 3, 1213
What are the prime factors of 1933?
1933
List the prime factors of 1136.
2, 71
List the prime factors of 2260.
2, 5, 113
List the prime factors of 547.
547
What are the prime factors of 28386?
2, 3, 19, 83
What are the prime factors of 531?
3, 59
What are the prime factors of 75809?
41, 43
List the prime factors of 31945.
5, 6389
List the prime factors of 43967.
7, 11, 571
List the prime factors of 14563.
14563
List the prime factors of 869.
11, 79
What are the prime factors of 1200?
2, 3, 5
What are the prime factors of 49?
7
List the prime factors of 7395.
3, 5, 17, 29
What are the prime factors of 170?
2, 5, 17
What are the prime factors of 2844?
2, 3, 79
List the prime factors of 22246.
2, 7, 227
What are the prime factors of 7770?
2, 3, 5, 7, 37
What are the prime factors of 2385?
3, 5, 53
List the prime factors of 1216.
2, 19
What are the prime factors of 47?
47
What are the prime factors of 1017?
3, 113
What are the prime factors of 79?
79
List the prime factors of 48990.
2, 3, 5, 23, 71
What are the prime factors of 2619?
3, 97
What are the prime factors of 760?
2, 5, 19
List the prime factors of 14757.
3, 4919
What are the prime factors of 30535?
5, 31, 197
List the prime factors of 2223.
3, 13, 19
List the prime factors of 10089.
3, 19, 59
What are the prime factors of 741?
3, 13, 19
List the prime factors of 5668.
2, 13, 109
What are the prime factors of 856?
2, 107
List the prime factors of 423.
3, 47
What are the prime factors of 8919?
3, 991
List the prime factors of 31154.
2, 37, 421
List the prime factors of 58722.
2, 3, 9787
List the prime factors of 2830.
2, 5, 283
List the prime factors of 3141.
3, 349
What are the prime factors of 767?
13, 59
List the prime factors of 10213.
7, 1459
List the prime factors of 20869.
41, 509
List the prime factors of 2050.
2, 5, 41
What are the prime factors of 123?
3, 41
What are the prime factors of 2715?
3, 5, 181
What are the prime factors of 16432?
2, 13, 79
List the prime factors of 17312.
2, 541
List the prime factors of 21415.
5, 4283
What are the prime factors of 751?
751
List the prime factors of 598.
2, 13, 23
What are the prime factors of 210?
2, 3, 5, 7
List the prime factors of 1064.
2, 7, 19
What are the prime factors of 8692?
2, 41, 53
List the prime factors of 29430.
2, 3, 5, 109
List the prime factors of 9500.
2, 5, 19
What are the prime factors of 3201?
3, 11, 97
What are the prime factors of 6905?
5, 1381
List the prime factors of 3202.
2, 1601
What are the prime factors of 817?
19, 43
List the prime factors of 844.
2, 211
What are the prime factors of 571?
571
What are the prime factors of 5700?
2, 3, 5, 19
What are the prime factors of 5332?
2, 31, 43
List the prime factors of 7419.
3, 2473
List the prime factors of 3932.
2, 983
What are the prime factors of 801?
3, 89
List the prime factors of 348.
2, 3, 29
What are the prime factors of 34096?
2, 2131
List the prime factors of 1412.
2, 353
List the prime factors of 24312.
2, 3, 1013
What are the prime factors of 1318?
2, 659
What are the prime factors of 9897?
3, 3299
What are the prime factors of 24873?
3, 8291
What are the prime factors of 18202?
2, 19, 479
What are the prime factors of 1952?
2, 61
List the prime factors of 1274.
2, 7, 13
List the prime factors of 16118.
2, 8059
List the prime factors of 2565.
3, 5, 19
What are the prime factors of 6087?
3, 2029
List the prime factors of 1674.
2, 3, 31
What are the prime factors of 4639?
4639
List the prime factors of 2194.
2, 1097
List the prime factors of 1111.
11, 101
What are the prime factors of 63181?
23, 41, 67
List the prime factors of 5941.
13, 457
What are the prime factors of 4050?
2, 3, 5
List the prime factors of 1164.
2, 3, 97
What are the prime factors of 7062?
2, 3, 11, 107
What are the prime factors of 1989?
3, 13, 17
List the prime factors of 1342.
2, 11, 61
What are the prime factors of 2868?
2, 3, 239
List the prime factors of 17990.
2, 5, 7, 257
List the prime factors of 5167.
5167
List the prime factors of 2839.
17, 167
List the prime factors of 5093.
11, 463
List the prime factors of 2858.
2, 1429
List the prime factors of 3051.
3, 113
List the prime factors of 688.
2, 43
What are the prime factors of 2034?
2, 3, 113
What are the prime factors of 2626?
2, 13, 101
What are the prime factors of 588?
2, 3, 7
What are the prime factors of 7978?
2, 3989
What are the prime factors of 2252?
2, 563
List the prime factors of 33177.
3, 11059
List the prime factors of 31388.
2, 7, 19, 59
What are the prime factors of 41045?
5, 8209
List the prime factors of 13043.
13043
List the prime factors of 10179.
3, 13, 29
List the prime factors of 15009.
3, 5003
List the prime factors of 1986.
2, 3, 331
List the prime factors of 31068.
2, 3, 863
What are the prime factors of 5045?
5, 1009
List the prime factors of 178059.
3, 7, 61, 139
List the prime factors of 700.
2, 5, 7
What are the prime factors of 6612?
2, 3, 19, 29
List the prime factors of 30878.
2, 15439
List the prime factors of 4071.
3, 23, 59
List the prime factors of 29077.
29077
What are the prime factors of 187?
11, 17
List the prime factors of 37823.
109, 347
List the prime factors of 26399.
26399
List the prime factors of 500.
2, 5
What are the prime factors of 2414?
2, 17, 71
What are the prime factors of 589?
19, 31
What are the prime factors of 247?
13, 19
List the prime factors of 41608.
2, 7, 743
What are the prime factors of 1985?
5, 397
List the prime factors of 2174.
2, 1087
List the prime factors of 9238.
2, 31, 149
What are the prime factors of 3344?
2, 11, 19
What are the prime 